tens digit of 1341?
4
What is the thousands digit of 31623?
1
What is the tens digit of 588?
8
What is the hundreds digit of 1999?
9
What is the units digit of 60087?
7
What is the ten thousands digit of 16528?
1
What is the thousands digit of 8290?
8
What is the tens digit of 30368?
6
What is the tens digit of 4518?
1
What is the ten thousands digit of 10967?
1
What is the tens digit of 2882?
8
What is the hundreds digit of 874?
8
What is the units digit of 1743?
3
What is the ten thousands digit of 51208?
5
What is the ten thousands digit of 99490?
9
What is the thousands digit of 7864?
7
What is the tens digit of 3797?
9
What is the units digit of 21307?
7
What is the units digit of 5215?
5
What is the thousands digit of 62180?
2
What is the ten thousands digit of 44556?
4
What is the tens digit of 19350?
5
What is the units digit of 45175?
5
What is the tens digit of 845?
4
What is the hundreds digit of 44752?
7
What is the hundreds digit of 47346?
3
What is the units digit of 4408?
8
What is the thousands digit of 9980?
9
What is the tens digit of 84?
8
What is the hundreds digit of 113778?
7
What is the thousands digit of 4896?
4
What is the ten thousands digit of 124338?
2
What is the ten thousands digit of 58953?
5
What is the thousands digit of 3114?
3
What is the thousands digit of 1401?
1
What is the thousands digit of 32148?
2
What is the hundreds digit of 4751?
7
What is the units digit of 495?
5
What is the hundreds digit of 2794?
7
What is the hundreds digit of 21173?
1
What is the units digit of 2457?
7
What is the tens digit of 93757?
5
What is the units digit of 18030?
0
What is the units digit of 3180?
0
What is the tens digit of 4285?
8
What is the tens digit of 1107?
0
What is the thousands digit of 14684?
4
What is the hundreds digit of 26722?
7
What is the hundreds digit of 21292?
2
What is the ten thousands digit of 20258?
2
What is the hundreds digit of 13384?
3
What is the units digit of 36999?
9
What is the thousands digit of 1714?
1
What is the tens digit of 4165?
6
What is the units digit of 1179?
9
What is the thousands digit of 9248?
9
What is the ten thousands digit of 21007?
2
What is the units digit of 247?
7
What is the tens digit of 28952?
5
What is the ten thousands digit of 37800?
3
What is the tens digit of 1710?
1
What is the hundreds digit of 1450?
4
What is the tens digit of 33443?
4
What is the thousands digit of 16887?
6
What is the tens digit of 3826?
2
What is the ten thousands digit of 140939?
4
What is the hundreds digit of 21870?
8
What is the tens digit of 12939?
3
What is the thousands digit of 7217?
7
What is the ten thousands digit of 21279?
2
What is the units digit of 8118?
8
What is the units digit of 83607?
7
What is the thousands digit of 1210?
1
What is the thousands digit of 21944?
1
What is the hundreds digit of 16000?
0
What is the units digit of 1002?
2
What is the ten thousands digit of 38665?
3
What is the hundreds digit of 4457?
4
What is the tens digit of 9726?
2
What is the units digit of 1468?
8
What is the tens digit of 1492?
9
What is the hundreds digit of 1087?
0
What is the tens digit of 1997?
9
What is the hundreds digit of 1872?
8
What is the units digit of 25253?
3
What is the tens digit of 71906?
0
What is the thousands digit of 4085?
4
What is the tens digit of 289?
8
What is the tens digit of 16360?
6
What is the tens digit of 20102?
0
What is the ten thousands digit of 14521?
1
What is the hundreds digit of 478?
4
What is the thousands digit of 9446?
9
What is the thousands digit of 1598?
1
What is the units digit of 4547?
7
What is the tens digit of 546?
4
What is the tens digit of 1468?
6
What is the tens digit of 28460?
6
What is the thousands digit of 47445?
7
What is the units digit of 67692?
2
What is the hundreds digit of 60030?
0
What is the tens digit of 5681?
8
What is the hundreds digit of 270?
2
What is the hundreds digit of 3911?
9
What is the hundreds digit of 6080?
0
What is the units digit of 4322?
2
What is the ten thousands digit of 21181?
2
What is the thousands digit of 3499?
3
What is the units digit of 7729?
9
What is the tens digit of 326?
2
What is the units digit of 950?
0
What is the tens digit of 919?
1
What is the units digit of 2041?
1
What is the hundreds digit of 4504?
5
What is the ten thousands digit of 36184?
3
What is the tens digit of 948?
4
What is the hundreds digit of 3778?
7
What is the hundreds digit of 114570?
5
What is the thousands digit of 174890?
4
What is the thousands digit of 1628?
1
What is the thousands digit of 7278?
7
What is the hundreds digit of 24048?
0
What is the thousands digit of 1586?
1
What is the hundreds digit of 563?
5
What is the tens digit of 5549?
4
What is the tens digit of 3296?
9
What is the hundreds digit of 7452?
4
What is the hundreds digit of 6457?
4
What is the tens digit of 6571?
7
What is the hundreds digit of 205?
2
What is the hundreds digit of 6121?
1
What is the hundred thousands digit of 147337?
1
What is the hundreds digit of 1021?
0
What is the tens digit of 636?
3
What is the thousands digit of 9917?
9
What is the hundreds digit of 1008?
0
What is the units digit of 4705?
5
What is the units digit of 2079?
9
What is the hundreds digit of 30778?
7
What is the tens digit of 1060?
6
What is the hundreds digit of 841?
8
What is the tens digit of 1706?
0
What is the units digit of 1250?
0
What is the thousands digit of 45508?
5
What is the hundreds digit of 4108?
1
What is the hundreds digit of 5183?
1
What is the units digit of 1773?
3
What is the hundreds digit of 5416?
4
What is the hundreds digit of 58682?
6
What is the hundreds digit of 7394?
3
What is the thousands digit of 55738?
5
What is the hundreds digit of 90815?
8
What is the thousands digit of 11011?
1
What is the thousands digit of 45951?
5
What is the thousands digit of 61027?
1
What is the units digit of 3374?
4
What is the units digit of 729?
9
What is the thousands digit of 1091?
1
What is the tens digit of 630?
3
What is the tens digit of 2993?
9
What is the tens digit of 3524?
2
What is the hundred thousands digit of 141347?
1
What is the ten thousands digit of 15661?
1
What is the units digit of 31118?
8
What is the units digit of 418?
8
What is the hundred thousands digit of 119188?
1
What is the hundreds digit of 6506?
5
What is the units digit of 5547?
7
What is the units digit of 155?
5
What is the thousands digit of 5546?
5
What is the units digit of 36857?
7
What is the units digit of 70593?
3
What is the units digit of 2330?
0
What is the units digit of 627?
7
What is the tens digit of 9668?
6
What is the hundreds digit of 763?
7
What is the hundreds digit of 3486?
4
What is the tens digit of 1128?
2
What is the tens digit of 81890?
9
What is the units digit of 3523?
3
What is the thousands digit of 3659?
3
What is the tens digit of 403?
0
What is the tens digit of 1349?
4
What is the units digit of 149303?
3
What is the units digit of 41678?
8
What is the hundreds digit of 25261?
2
What is the units digit of 36011?
1
What is the tens digit of 37?
3
What is the ten thousands digit of 16101?
1
What is the tens digit of 11296?
9
What is the hundreds digit of 306?
3
What is the hundreds digit of 17763?
7
What is the units digit of 2298?
8
What is the tens digit of 39953?
5
What is the hundred thousands digit of 105606?
1
What is the tens digit of 43833?
3
What is the thousands digit of 9476?
9
What is the units digit of 10296?
6
What is the hundreds digit of 303?
3
What is the ten thousands digit of 11773?
1
What is the thousands digit of 8087?
8
What is the units digit of 935?
5
What is the tens digit of 50724?
2
What is the tens digit of 8405?
0
What is the hundreds digit of 57282?
2
What is the hundreds digit of 48880?
8
What is the hundreds digit of 9508?
5
What is the hundreds digit of 318?
3
What is the hundreds digit of 521?
5
What is the tens digit of 2965?
6
What is the thousands digit of 3632?
3
What is the tens digit of 3334?
3
What is the ten thousands digit of 17913?
1
What is the units digit of 64572?
2
What is the tens digit of 1273?
7
What is the units digit of 23436?
6
What is the tens digit of 3161?
6
What is the tens digit of 39568?
6
What is the units digit of 2872?
2
What is the hundr